Let k be z(9). Let v = k + -67. Suppose -7*p + v = -3*p, -5*a + 15550 = 5*p. Is a composite?
True
Let u(l) be the third derivative of -l**6/120 - l**5/5 + l**4/24 + 4*l**3/3 - 16*l**2. Let o be u(-12). Is -3 - o/(-6)*-327 a composite number?
True
Suppose 5*z - 2*o = -6*o + 8595, 20 = -4*o. Let u = z - 2670. Let b = 1824 + u. Is b a composite number?
False
Suppose o + 2*o + 9 = 0. Let l(a) = -a**3 - 3*a**2 - 2*a + 3. Let u be l(o). Is 6/u*(43113/(-2))/(-7) a composite number?
False
Suppose -5*n = -3*f - 7695, -n + 19183 = -5*f + 6380. Let x = -1473 - f. Is x prime?
True
Let z(p) = -p**3 + 4*p**2 - 4*p + 3. Let j be z(3). Suppose j = -5*b - b + 8742. Is b prime?
False
Suppose -3*s = 4*s + 7. Let j be 372 + -6 + (s - 0). Suppose 0 = 2*h - 2*a - 762, -a = -h - 4*a + j. Is h composite?
True
Suppose 4*l - p - 28 = -10, -2*l = 3*p - 16. Is l/(5*(-1)/(-15815)) a composite number?
True
Let c be ((-435)/30)/((-1)/(-2)). Let q = c + 1. Let z = q - -71. Is z composite?
False
Let v = -80840 + 131487. Is v a composite number?
False
Is ((-156)/(-9))/4 + -4 - 6119700/(-90) a composite number?
True
Let r(w) = 15. Let z(u) = u - 16. Let a(g) = -4*r(g) - 3*z(g). Let j be a(-2). Is 1651/1 - 0/(10 + j) composite?
True
Let a be 14/(-6)*35637/(2 - 9). Let y = a - 2698. Is y composite?
False
Let c be 430*(-1 - (-7)/14). Is 86/c + (-1187)/(-5) composite?
True
Suppose -19*v = -26*v - 133. Let w(m) = -32 - 15*m**2 + 9*m - 8 - m**3 + 2*m. Is w(v) a composite number?
True
Let y(c) = -2225*c - 861. Is y(-14) a composite number?
True
Suppose -14*r + 76788 = -5*r. Suppose -6*v - r = -9*v - f, 3*f - 8526 = -3*v. Is v prime?
False
Let l be 2/20 + (-102295)/(-50) - 2. Let c = l - 573. Is c a composite number?
False
Let d(z) = -74*z - 20. Let x(t) = t + 41. Let i be x(-15). Let w be (-25)/9 + i/(-117). Is d(w) composite?
True
Suppose 0 = -330*u + 35*u + 5854865. Is u a composite number?
True
Let r(l) = -7*l + 365550. Let d be r(0). Let g be 1*2*d/60. Is g/(-10)*(-3 - -1) a prime number?
True
Let j = -93 - -88. Let p be -4 + ((-10)/j)/((-2)/(-12)). Let z(v) = -v**3 + 8*v**2 + 18*v - 2. Is z(p) prime?
False
Suppose 0 = -i - 2*c - 1, -5*c - 10 = -5*i - 30. Let t be (4/6 + 20/i)*-1. Is 72464/48 - (-2 - (-4)/t) a composite number?
False
Suppose 24 = 3*s - 120. Suppose -3*v = -3*p + 60, 3*v + 3*p + 62 = -16. Let l = s + v. Is l a composite number?
True
Suppose 0 = -3*k + 2*b + 48, -16 = -k - 8*b + 5*b. Let h(j) = 19*j**2 - 10*j**2 + k*j**2 - 1 - 5. Is h(4) a prime number?
False
Let h be 16/6*(135/(-20) + 3). Let s(p) = 19*p**2 - 14*p - 21. Is s(h) prime?
False
Suppose 255*g + 8094010 = 5*r + 260*g, -5*r + g + 8094040 = 0. Is r a composite number?
False
Let o(f) = f**2 + 1198*f - 227. Is o(108) a prime number?
False
Let n = 7652 + 721521. Is n a composite number?
False
Suppose -w - 4*w + 385 = 0. Let v(n) = -n**3 - n**2 + n + 17. Let p be v(0). Suppose -w = -3*g - 4*u, -g + 4*u = u - p. Is g a composite number?
False
Let b(y) = 0 + 712*y**2 + 183*y - 183*y + 1. Let m = 11 - 12. Is b(m) composite?
True
Let a be 1 - (-1 + -3) - -12134. Let d = a - 6170. Is d a prime number?
False
Let m = -2427 - -5344. Let d be (((-4)/(-7))/(78/91))/(20/182400). Let w = d - m. Is w composite?
False
Let q = 38 + -56. Let o(p) be the third derivative of -p**6/120 - p**5/5 + 5*p**4/4 + 5*p**3/6 - 5*p**2 + 4. Is o(q) composite?
False
Suppose 2*s + 10 = o, -5*o = -3*s - 25 - 4. Suppose 3*h + 0*h = -i + 6731, o*i - 8 = 0. Is h a prime number?
True
Let k(h) = 91*h**3 + 3*h + 19. Is k(12) a composite number?
False
Suppose 20 = 5*o, 67*o = -5*n + 70*o + 219583. Is n composite?
True
Let d(r) = 466 + r - 467 - 5*r**2 + 129*r**3 + 6*r + 6*r. Is d(2) a prime number?
False
Suppose 0 = 5*g + 4*j - 424577, -11*g = -16*g - j + 424568. Is g a prime number?
True
Let o(j) = 98*j**2 - 106*j - 581. Is o(50) a prime number?
True
Let l(y) = 6*y**3 + y**2 - 13*y + 23. Let m be l(-16). Let d = 34222 + m. Is d prime?
True
Let h(t) = 8079*t**2 + 767*t + 1. Is h(-6) composite?
False
Suppose 0 = 4*m - 28, 0 = -c - 4*m + 845917 + 301208. Is c prime?
False
Let d(x) = 60776*x + 2825. Is d(10) a composite number?
True
Let s be (-702)/(-195)*5/3. Let p(t) = 108*t**2 - 24*t + 34. Is p(s) a composite number?
True
Suppose 4*t + 3 = 3*y, -5*t = -5*y - 0*y. Let u be -3 + 6 + 9 + t. Is -3*(-51)/u*23 composite?
True
Let b(s) = -17*s**2 - 3*s - 5. Let w be b(6). Suppose -29*f + 8*f = 8652. Let d = f - w. Is d a composite number?
False
Suppose -3*r = 2*v - 312, 14*v + 5*r = 18*v - 602. Suppose 138163 = 5*f + 4*c, -v*f + 155*f = -c + 55264. Is f a prime number?
True
Let s(a) = 24*a**2 - 7*a. Let y be s(-7). Let k = y - 732. Is k prime?
False
Suppose -4*h - 61347 = -a, 2*h - 9 = -17. Is a a composite number?
False
Suppose -w = -5*s - 82124, -4*s + 73922 + 172469 = 3*w. Is w composite?
False
Let g(s) = -1937*s + 50. Let u be g(2). Let o = u + 7897. Is o composite?
False
Suppose 28*k - 4237729 - 285195 = 0. Is k prime?
False
Suppose -4*d + 25221 = -3*z, 4*z - 4*d + 41545 - 7917 = 0. Let n = z + 17168. Is n a prime number?
True
Suppose 62 = -3*u - 40. Let c = u + 33. Let d(a) = 970*a**2 - 3*a - 2. Is d(c) composite?
False
Let z(q) = -q**2 + 19*q + 28. Let c be z(20). Suppose -3634 + 106 = -c*w. Suppose -3*m - 96 = -w. Is m a prime number?
False
Let v(a) = 1076*a**2 - 242*a - 41. Is v(-9) a composite number?
False
Suppose 2*t - 19733 = 1714*d - 1711*d, 2*t - 4*d = 19730. Is t composite?
False
Let x(w) = 192*w**2 - 41*w - 13. Let u be x(-6). Let p = 12544 - u. Is p composite?
False
Let o = -3314 + 4353. Is o composite?
False
Let t(x) = 224*x**3 - 3*x**2 + x - 2. Let w be t(2). Let j(m) = -107*m + 1184. Let n be j(11). Is n/(112/w) - (-1)/(-4) a prime number?
False
Let x(k) be the second derivative of -k**4/12 - k**3/6 + 26*k. Let m(a) = -127*a**2 + 2*a - 9. Let l(i) = -m(i) + 3*x(i). Is l(4) prime?
True
Let h(x) = -2317*x + 164. Let z be h(-10). Suppose 0 = -7*c + 109679 - z. Is c composite?
True
Let y = 225 + -247. Is (-696293)/(-117) + (y/18 - -1) a composite number?
True
Let s(p) = -77*p**3 + p**2 + 5*p + 162. Is s(-7) prime?
False
Let k be (4/(-14))/((-2)/42). Suppose -k*h - 16244 = 196. Let r = h - -3995. Is r a composite number?
True
Suppose -28*l - 2*r = -24*l - 105318, -2*l + 3*r + 52639 = 0. Is l prime?
False
Let z(y) = y**3 + 7*y**2 - 18*y + 2. Suppose 10*h = 11*h + 9. Let t be z(h). Is t*(516/8 + -1 + 0) prime?
True
Suppose 8 = g + 3*w, -g - 3*g + 2*w + 4 = 0. Let i(h) = 2775*h - 35. Is i(g) a composite number?
True
Let n(p) = 83 - p - p**3 - 2*p**2 - 64 + 11*p**2 - p**3. Let h be n(-10). Suppose -h = -5*m + r, -5*m + 3*r + 1648 + 1279 = 0. Is m a prime number?
False
Let f = -143 - -137. Is 4358*(-8)/24*9/f a prime number?
True
Suppose 5*z - 3 = 2*j - 0, 3*z - 5*j = 17. Is z/(-3) + (-969521)/(-21) + 3 a composite number?
False
Suppose -d = -498*u + 501*u - 1110422, 5*d + u = 5552208. Is d a composite number?
True
Let t(s) = -2*s - 15. Suppose 3*r - b = -9 - 14, 4*r + 4*b = -36. Let z be t(r). Is -2 - (z - 4) - -90 prime?
False
Suppose 11*b - 7 - 37 = 0. Let v be b/7 - 611464/(-98). Suppose -i = -5*f + v, -f = f + 3*i - 2513. Is f prime?
True
Suppose 35036 = 5*v - 206314. Suppose 360*g = 354*g + v. Is g prime?
False
Suppose 4*d = 12, 24*d + 58390 = 5*q + 19*d. Let f = 1856 + q. Is f composite?
False
Suppose 6*h + 0*h = 114. Suppose -21*i + 190 = -h*i. Let u = -6 + i. Is u a prime number?
True
Let q(h) = -h**3 - 8*h**2 - 11*h + 13. Let s be q(-6). Suppose 4*j - 13776 = b, s*j - 8*j + b = -3447. Is j a composite number?
True
Let v = 22088 + -12589. Is v + 0 + -5 + -7 a composite number?
True
Let i = 445734 - 122885. Is i a prime number?
True
Suppose 2*w = 3*h - 14951, -1517 - 3468 = -h + w. Is h prime?
False
Suppose 120*l - 9701200 = -2602840. Is l prime?
False
Let s(f) = -1624*f**2 + 102*f - 8. Let t(v) = 541*v**2 - 35*v + 3. Let a(o) = -4*s(o) - 11*t(o). Is a(12) a prime number?
True
Let u(r) = 216*r**2 + 124*r + 11. Is u(12) a prime number?
True
Suppose -10*w = -8*w + 2. Let x(i) be the third derivative of 784*i**5/15 - i**4/12 - i**3/6 - i**2 - 179. Is x(w) prime?
True
Let c(v) = -2*v**3 + 13*v**2 - 4*v + 35. Let n be c(15). Is (-2 - 1)/(2 - 1) - n prime?
True
Is 7217007/(-84)*(-44)/11 composite?
False
Let q = -527 + 527. Let l be (3*-2)